{"id":2487,"date":"2016-10-19T16:23:01","date_gmt":"2016-10-19T15:23:01","guid":{"rendered":"http:\/\/livresplies.fr\/?page_id=2487"},"modified":"2024-02-29T14:47:26","modified_gmt":"2024-02-29T13:47:26","slug":"mixte-pliage-et-decouppliage","status":"publish","type":"page","link":"https:\/\/livresplies.fr\/?page_id=2487","title":{"rendered":"Mixte pliage &#038; d\u00e9coup&rsquo;pliage"},"content":{"rendered":"<p>&nbsp;<\/p>\n<p><a href=\"http:\/\/livresplies.fr\/?p=2566\" rel=\"noopener\"><img loading=\"lazy\" decoding=\"async\" class=\"wp-image-1960 alignnone\" src=\"http:\/\/livresplies.fr\/wp-content\/uploads\/ardoise-partage-150x113.jpg\" alt=\"ardoise partage\" width=\"115\" height=\"87\" srcset=\"https:\/\/livresplies.fr\/wp-content\/uploads\/ardoise-partage-150x113.jpg 150w, https:\/\/livresplies.fr\/wp-content\/uploads\/ardoise-partage.jpg 258w\" sizes=\"auto, (max-width: 115px) 100vw, 115px\" \/><\/a>\u00a0 \u00a0 \u00a0 \u00a0 \u00a0 \u00a0\u00a0<img loading=\"lazy\" decoding=\"async\" class=\"wp-image-2761 size-thumbnail alignnone\" src=\"https:\/\/livresplies.fr\/wp-content\/uploads\/coeur-bon-anniversaire-e1549129695312-125x150.jpeg\" alt=\"\" width=\"125\" height=\"150\" srcset=\"https:\/\/livresplies.fr\/wp-content\/uploads\/coeur-bon-anniversaire-e1549129695312-125x150.jpeg 125w, https:\/\/livresplies.fr\/wp-content\/uploads\/coeur-bon-anniversaire-e1549129695312.jpeg 162w\" sizes=\"auto, (max-width: 125px) 100vw, 125px\" \/>\u00a0 \u00a0 \u00a0 \u00a0 \u00a0 \u00a0 \u00a0<a href=\"http:\/\/livresplies.fr\/?p=2569\" rel=\"noopener\"><img loading=\"lazy\" decoding=\"async\" class=\"wp-image-1959 alignnone\" src=\"http:\/\/livresplies.fr\/wp-content\/uploads\/ardoise-vente-150x113.jpg\" alt=\"ardoise vente\" width=\"114\" height=\"86\" srcset=\"https:\/\/livresplies.fr\/wp-content\/uploads\/ardoise-vente-150x113.jpg 150w, https:\/\/livresplies.fr\/wp-content\/uploads\/ardoise-vente.jpg 258w\" sizes=\"auto, (max-width: 114px) 100vw, 114px\" \/><\/a><\/p>\n<h5 style=\"text-align: center;\"><span style=\"text-decoration: underline;\"><strong>Apprendre le mixte pliage et d\u00e9coup&rsquo;pliage<\/strong><\/span><\/h5>\n<p style=\"text-align: justify;\"><strong><span style=\"color: #000000;\">Ces patrons\u00a0vous permettront d&rsquo;allier le pliage et le d\u00e9coupage. C&rsquo;est une bonne fa\u00e7on de se mettre au d\u00e9coupage car le motif d&rsquo;\u00e9criture \u00e9tant simple, il y a peu de d\u00e9coupes (maxi 4 ou 5 par feuilles) et cela permet de d\u00e9couvrir facilement cette technique avant de passer \u00e0 des motifs ayant beaucoup plus de \u00a0d\u00e9coupages. Si vous d\u00e9butiez par cette technique, il vous faudra regarder \u00e9galement le tutoriel de pliage.<\/span><\/strong><\/p>\n<p><span style=\"text-decoration: underline;\"><span style=\"color: #000000;\"><strong>Comment lire un patron de mixte pliage\/D\u00e9coup&rsquo;pliage ?<\/strong><\/span><\/span><\/p>\n<p style=\"text-align: justify;\"><span style=\"color: #000000;\"><strong>Le patron vous donne sur la premi\u00e8re colonne et la derni\u00e8re les rep\u00e8res de pliage et au milieu les rep\u00e8res de d\u00e9coupes. On d\u00e9marre par du pur pliage et les d\u00e9coupes arrivent quelques feuilles apr\u00e8s suivant le motif.<\/strong><\/span><\/p>\n<p><span style=\"color: #ff00ff;\">En rose<\/span> : feuilles<\/p>\n<p><span style=\"color: #ffcc00;\">En jaune<\/span> : rep\u00e8res de pliage<\/p>\n<p><span style=\"color: #00ffff;\">En bleu<\/span> : rep\u00e8res de d\u00e9coupage<\/p>\n<p>No cuts = pas de d\u00e9coupage<\/p>\n<p><img loading=\"lazy\" decoding=\"async\" class=\"alignnone wp-image-1831 size-full\" src=\"http:\/\/livresplies.fr\/wp-content\/uploads\/patron-pliage-decoupage.jpg\" alt=\"patron pliage decoupage\" width=\"1095\" height=\"562\" srcset=\"https:\/\/livresplies.fr\/wp-content\/uploads\/patron-pliage-decoupage.jpg 1095w, https:\/\/livresplies.fr\/wp-content\/uploads\/patron-pliage-decoupage-150x77.jpg 150w, https:\/\/livresplies.fr\/wp-content\/uploads\/patron-pliage-decoupage-300x154.jpg 300w, https:\/\/livresplies.fr\/wp-content\/uploads\/patron-pliage-decoupage-768x394.jpg 768w, https:\/\/livresplies.fr\/wp-content\/uploads\/patron-pliage-decoupage-1024x526.jpg 1024w\" sizes=\"auto, (max-width: 1095px) 100vw, 1095px\" \/><\/p>\n<p><span style=\"color: #000000;\"><strong>J&rsquo;ai proc\u00e9d\u00e9 de cette fa\u00e7on :<\/strong><\/span><\/p>\n<ul>\n<li><span style=\"color: #000000;\"><strong>On centre son motif dans son livre de la m\u00eame fa\u00e7on que pour un pliage habituel.<\/strong><\/span><\/li>\n<li><span style=\"color: #000000;\"><strong>J&rsquo;ai trac\u00e9\u00a0les rep\u00e8res de pliage et marquer le pli (sans plier) et trac\u00e9 les rep\u00e8res de d\u00e9coupage \u00a0sur une vingtaine de feuilles.<\/strong><\/span><\/li>\n<li><span style=\"color: #000000;\"><strong>J&rsquo;ai d\u00e9coup\u00e9 les feuilles pr\u00e9par\u00e9es.<\/strong><\/span><\/li>\n<li><span style=\"color: #000000;\"><strong>J&rsquo;ai \u00a0fait le pliage du motif et repli\u00e9 les d\u00e9coupes pour chaque feuille.<\/strong><\/span><\/li>\n<li><span style=\"color: #000000;\"><strong>Et ainsi de suite, r\u00e9p\u00e9tez tra\u00e7age, d\u00e9coupage et pliage.<\/strong><\/span><\/li>\n<\/ul>\n<p><img loading=\"lazy\" decoding=\"async\" class=\"alignnone wp-image-2109 size-large\" src=\"http:\/\/livresplies.fr\/wp-content\/uploads\/pliage-1024x548.jpg\" alt=\"pliage\" width=\"474\" height=\"254\" srcset=\"https:\/\/livresplies.fr\/wp-content\/uploads\/pliage-1024x548.jpg 1024w, https:\/\/livresplies.fr\/wp-content\/uploads\/pliage-150x80.jpg 150w, https:\/\/livresplies.fr\/wp-content\/uploads\/pliage-300x161.jpg 300w, https:\/\/livresplies.fr\/wp-content\/uploads\/pliage-768x411.jpg 768w, https:\/\/livresplies.fr\/wp-content\/uploads\/pliage.jpg 1279w\" sizes=\"auto, (max-width: 474px) 100vw, 474px\" \/><\/p>\n<p><img loading=\"lazy\" decoding=\"async\" class=\"wp-image-1833 alignnone\" src=\"http:\/\/livresplies.fr\/wp-content\/uploads\/bonne-fete-maman-1-124x150.jpg\" alt=\"bonne fete maman\" width=\"150\" height=\"181\" srcset=\"https:\/\/livresplies.fr\/wp-content\/uploads\/bonne-fete-maman-1-124x150.jpg 124w, https:\/\/livresplies.fr\/wp-content\/uploads\/bonne-fete-maman-1-248x300.jpg 248w, https:\/\/livresplies.fr\/wp-content\/uploads\/bonne-fete-maman-1.jpg 351w\" sizes=\"auto, (max-width: 150px) 100vw, 150px\" \/>\u00a0\u00a0<img loading=\"lazy\" decoding=\"async\" class=\"wp-image-1862 alignnone\" src=\"http:\/\/livresplies.fr\/wp-content\/uploads\/felicitations-bebe-nadege-184x300.jpg\" alt=\"felicitations bebe nadege\" width=\"144\" height=\"235\" srcset=\"https:\/\/livresplies.fr\/wp-content\/uploads\/felicitations-bebe-nadege-184x300.jpg 184w, https:\/\/livresplies.fr\/wp-content\/uploads\/felicitations-bebe-nadege-92x150.jpg 92w, https:\/\/livresplies.fr\/wp-content\/uploads\/felicitations-bebe-nadege.jpg 348w\" sizes=\"auto, (max-width: 144px) 100vw, 144px\" \/>\u00a0 \u00a0<img loading=\"lazy\" decoding=\"async\" class=\"size-thumbnail wp-image-2078 alignnone\" src=\"http:\/\/livresplies.fr\/wp-content\/uploads\/bon-anniv-babette-150x142.jpg\" alt=\"bon anniv babette\" width=\"150\" height=\"142\" srcset=\"https:\/\/livresplies.fr\/wp-content\/uploads\/bon-anniv-babette-150x142.jpg 150w, https:\/\/livresplies.fr\/wp-content\/uploads\/bon-anniv-babette-300x285.jpg 300w, https:\/\/livresplies.fr\/wp-content\/uploads\/bon-anniv-babette.jpg 597w\" sizes=\"auto, (max-width: 150px) 100vw, 150px\" \/><\/p>\n<p>Merci \u00e0 Nad\u00e8ge et \u00e0 Babette pour leur photo.<\/p>\n<p><a href=\"http:\/\/livresplies.fr\/?p=2566\" rel=\"noopener\"><img decoding=\"async\" src=\"http:\/\/livresplies.fr\/wp-content\/uploads\/ardoise-partage-150x113.jpg\" alt=\"ardoise partage\" \/><\/a>\u00a0 \u00a0 \u00a0 \u00a0 \u00a0 \u00a0 \u00a0 \u00a0 \u00a0 \u00a0 \u00a0 \u00a0 \u00a0 \u00a0 \u00a0 \u00a0 \u00a0 \u00a0 \u00a0 \u00a0 \u00a0 \u00a0\u00a0<a href=\"http:\/\/livresplies.fr\/?p=2569\" rel=\"noopener\"><img loading=\"lazy\" decoding=\"async\" class=\"alignnone wp-image-1959\" src=\"http:\/\/livresplies.fr\/wp-content\/uploads\/ardoise-vente-150x113.jpg\" alt=\"ardoise vente\" width=\"156\" height=\"115\" \/><\/a><\/p>\n<p>Cliquez sur l&rsquo;ardoise de votre choix.<\/p>\n<p><span style=\"color: #000000;\"><strong>\u00a0\u00a0<\/strong><\/span><\/p>\n<p>&nbsp;<\/p>\n<p>&nbsp;<\/p>\n<p>&nbsp;<\/p>\n<h5><\/h5>\n<p>&nbsp;<\/p>\n<p>&nbsp;<\/p>\n<p>&nbsp;<\/p>\n<p>&nbsp;<\/p>\n<p>&nbsp;<\/p>\n<p>&nbsp;<\/p>\n<p>&nbsp;<\/p>\n","protected":false},"excerpt":{"rendered":"<p>&nbsp; \u00a0 \u00a0 \u00a0 \u00a0 \u00a0 \u00a0\u00a0\u00a0 \u00a0 \u00a0 \u00a0 \u00a0 \u00a0 \u00a0 Apprendre le mixte pliage et d\u00e9coup&rsquo;pliage Ces patrons\u00a0vous permettront d&rsquo;allier le pliage et le d\u00e9coupage. C&rsquo;est une bonne fa\u00e7on de se mettre au d\u00e9coupage car le motif d&rsquo;\u00e9criture \u00e9tant simple, il y a peu de d\u00e9coupes (maxi 4 ou 5 par feuilles) &hellip; <a href=\"https:\/\/livresplies.fr\/?page_id=2487\" class=\"more-link\">Continuer la lecture de <span class=\"screen-reader-text\">Mixte pliage &#038; d\u00e9coup&rsquo;pliage<\/span>  <span class=\"meta-nav\">&rarr;<\/span><\/a><\/p>\n","protected":false},"author":1,"featured_media":0,"parent":0,"menu_order":0,"comment_status":"closed","ping_status":"closed","template":"","meta":{"footnotes":""},"class_list":["post-2487","page","type-page","status-publish","hentry"],"_links":{"self":[{"href":"https:\/\/livresplies.fr\/index.php?rest_route=\/wp\/v2\/pages\/2487","targetHints":{"allow":["GET"]}}],"collection":[{"href":"https:\/\/livresplies.fr\/index.php?rest_route=\/wp\/v2\/pages"}],"about":[{"href":"https:\/\/livresplies.fr\/index.php?rest_route=\/wp\/v2\/types\/page"}],"author":[{"embeddable":true,"href":"https:\/\/livresplies.fr\/index.php?rest_route=\/wp\/v2\/users\/1"}],"replies":[{"embeddable":true,"href":"https:\/\/livresplies.fr\/index.php?rest_route=%2Fwp%2Fv2%2Fcomments&post=2487"}],"version-history":[{"count":7,"href":"https:\/\/livresplies.fr\/index.php?rest_route=\/wp\/v2\/pages\/2487\/revisions"}],"predecessor-version":[{"id":7562,"href":"https:\/\/livresplies.fr\/index.php?rest_route=\/wp\/v2\/pages\/2487\/revisions\/7562"}],"wp:attachment":[{"href":"https:\/\/livresplies.fr\/index.php?rest_route=%2Fwp%2Fv2%2Fmedia&parent=2487"}],"curies":[{"name":"wp","href":"https:\/\/api.w.org\/{rel}","templated":true}]}}