{"id":2496,"date":"2016-10-19T16:19:19","date_gmt":"2016-10-19T15:19:19","guid":{"rendered":"http:\/\/livresplies.fr\/?page_id=2496"},"modified":"2024-02-29T14:48:05","modified_gmt":"2024-02-29T13:48:05","slug":"pliage-2","status":"publish","type":"page","link":"https:\/\/livresplies.fr\/?page_id=2496","title":{"rendered":"P L I A G E"},"content":{"rendered":"<h3 style=\"text-align: center;\"><\/h3>\n<p><a href=\"http:\/\/livresplies.fr\/?p=2489\" rel=\"noopener\"><img loading=\"lazy\" decoding=\"async\" class=\"wp-image-1960 alignnone\" src=\"http:\/\/livresplies.fr\/wp-content\/uploads\/ardoise-partage-150x113.jpg\" alt=\"ardoise partage\" width=\"136\" height=\"102\" srcset=\"https:\/\/livresplies.fr\/wp-content\/uploads\/ardoise-partage-150x113.jpg 150w, https:\/\/livresplies.fr\/wp-content\/uploads\/ardoise-partage.jpg 258w\" sizes=\"auto, (max-width: 136px) 100vw, 136px\" \/><\/a>\u00a0 \u00a0 \u00a0 \u00a0 \u00a0 \u00a0 \u00a0 \u00a0 \u00a0 \u00a0 \u00a0 \u00a0 \u00a0 \u00a0 \u00a0 \u00a0 \u00a0 \u00a0 \u00a0 \u00a0 \u00a0 \u00a0<a href=\"http:\/\/livresplies.fr\/?p=2491\" rel=\"noopener\"><img loading=\"lazy\" decoding=\"async\" class=\"wp-image-1959 alignnone\" src=\"http:\/\/livresplies.fr\/wp-content\/uploads\/ardoise-vente-150x113.jpg\" alt=\"ardoise vente\" width=\"132\" height=\"100\" srcset=\"https:\/\/livresplies.fr\/wp-content\/uploads\/ardoise-vente-150x113.jpg 150w, https:\/\/livresplies.fr\/wp-content\/uploads\/ardoise-vente.jpg 258w\" sizes=\"auto, (max-width: 132px) 100vw, 132px\" \/><\/a><\/p>\n<p style=\"text-align: left;\">Cliquez sur l&rsquo;ardoise de votre choix.<\/p>\n<h4 style=\"text-align: center;\"><span style=\"color: #000000;\"><strong>Comment r\u00e9aliser un pliage ?<\/strong><\/span><\/h4>\n<h5 style=\"text-align: left;\"><span style=\"color: #000000;\">En plus des diff\u00e9rents tutoriels ci-dessous (vid\u00e9o, photos&#8230;) lisez \u00e9galement la page \u00ab\u00a0papotages\u00a0\u00bb o\u00f9 vous trouverez des astuces sur le pliage.<\/span><\/h5>\n<h3 style=\"text-align: center;\"><span style=\"text-decoration: underline;\">\u00a0<a title=\"tuto\" href=\"http:\/\/youtu.be\/IY6g2joWABM\" target=\"_blank\" rel=\"noopener\"><span style=\"color: #ff0000; text-decoration: underline;\">Ici un tuto vid\u00e9o pliage<\/span><\/a><\/span><\/h3>\n<p><iframe loading=\"lazy\" src=\"\/\/www.youtube.com\/embed\/IY6g2joWABM?rel=0\" width=\"560\" height=\"315\" frameborder=\"0\" allowfullscreen=\"allowfullscreen\"><\/iframe><\/p>\n<p>&nbsp;<\/p>\n<h3 style=\"text-align: center;\">\u00a0<a title=\"Le B. A. BA du pliage\" href=\"http:\/\/livresplies.fr\/?p=142\" target=\"_blank\" rel=\"noopener\"><span style=\"text-decoration: underline;\">Le B. \u00a0A. \u00a0BA du pliage<\/span><\/a><\/h3>\n<p><a title=\"Le B. A. BA du pliage\" href=\"http:\/\/livresplies.fr\/?p=142\" target=\"_blank\" rel=\"noopener\"><img loading=\"lazy\" decoding=\"async\" class=\"aligncenter wp-image-180 size-medium\" src=\"http:\/\/livresplies.fr\/wp-content\/uploads\/herissonblog-300x237.jpg\" alt=\"herissonblog\" width=\"300\" height=\"237\" srcset=\"https:\/\/livresplies.fr\/wp-content\/uploads\/herissonblog-300x237.jpg 300w, https:\/\/livresplies.fr\/wp-content\/uploads\/herissonblog-150x118.jpg 150w, https:\/\/livresplies.fr\/wp-content\/uploads\/herissonblog.jpg 358w\" sizes=\"auto, (max-width: 300px) 100vw, 300px\" \/><\/a><\/p>\n<h3 style=\"text-align: center;\"><span style=\"text-decoration: underline;\"><span style=\"color: #000000; text-decoration: underline;\">Le pliage en photos<\/span><\/span><\/h3>\n<p><a href=\"http:\/\/livresplies.fr\/wp-content\/uploads\/tutoriel1.jpg\"><img loading=\"lazy\" decoding=\"async\" class=\"alignleft wp-image-294 size-medium\" src=\"http:\/\/livresplies.fr\/wp-content\/uploads\/tutoriel1-225x300.jpg\" alt=\"tutoriel1\" width=\"225\" height=\"300\" srcset=\"https:\/\/livresplies.fr\/wp-content\/uploads\/tutoriel1-225x300.jpg 225w, https:\/\/livresplies.fr\/wp-content\/uploads\/tutoriel1-112x150.jpg 112w, https:\/\/livresplies.fr\/wp-content\/uploads\/tutoriel1.jpg 319w\" sizes=\"auto, (max-width: 225px) 100vw, 225px\" \/><\/a><\/p>\n<p>(Avec un crayon \u00e0 papier)<\/p>\n<p>&#8211; Sur la gauche, le long de la reliure, marquer avec la largeur de la r\u00e8gle votre marge.<\/p>\n<p>&#8211; Poser la r\u00e8gle le long de la tranche (z\u00e9ro en haut), marquer vos <strong>2 rep\u00e8res haut et bas<\/strong> <strong>SANS<\/strong> <strong>bouger la r\u00e8gle<\/strong> et en suivant votre patron.<\/p>\n<p>&nbsp;<\/p>\n<p><a href=\"http:\/\/livresplies.fr\/wp-content\/uploads\/tutoriel3.jpg\"><img loading=\"lazy\" decoding=\"async\" class=\"alignright wp-image-295 size-medium\" src=\"http:\/\/livresplies.fr\/wp-content\/uploads\/tutoriel3-225x300.jpg\" alt=\"tutoriel3\" width=\"225\" height=\"300\" srcset=\"https:\/\/livresplies.fr\/wp-content\/uploads\/tutoriel3-225x300.jpg 225w, https:\/\/livresplies.fr\/wp-content\/uploads\/tutoriel3-112x150.jpg 112w, https:\/\/livresplies.fr\/wp-content\/uploads\/tutoriel3.jpg 319w\" sizes=\"auto, (max-width: 225px) 100vw, 225px\" \/><\/a><\/p>\n<p>&#8211; Avec votre outil (pointe, stylo ne \u00a0fonctionnant pas&#8230;), marquer vos plis (en pointill\u00e9s sur la photo).<\/p>\n<p>&nbsp;<\/p>\n<p>&nbsp;<\/p>\n<p>&nbsp;<\/p>\n<p><a href=\"http:\/\/livresplies.fr\/wp-content\/uploads\/tutoriel5.jpg\"><img loading=\"lazy\" decoding=\"async\" class=\"alignleft wp-image-296 size-medium\" src=\"http:\/\/livresplies.fr\/wp-content\/uploads\/tutoriel5-225x300.jpg\" alt=\"tutoriel5\" width=\"225\" height=\"300\" srcset=\"https:\/\/livresplies.fr\/wp-content\/uploads\/tutoriel5-225x300.jpg 225w, https:\/\/livresplies.fr\/wp-content\/uploads\/tutoriel5-112x150.jpg 112w, https:\/\/livresplies.fr\/wp-content\/uploads\/tutoriel5.jpg 319w\" sizes=\"auto, (max-width: 225px) 100vw, 225px\" \/><\/a><\/p>\n<p>&nbsp;<\/p>\n<p>&nbsp;<\/p>\n<p>&nbsp;<\/p>\n<p>Plier.<\/p>\n<p>Continuer de la m\u00eame fa\u00e7on sur la feuille suivante en suivant les rep\u00e8res de votre patron.<\/p>\n<p>&nbsp;<\/p>\n<p>&nbsp;<\/p>\n<p><a href=\"http:\/\/livresplies.fr\/wp-content\/uploads\/tutoriel6.jpg\"><img loading=\"lazy\" decoding=\"async\" class=\"aligncenter size-medium wp-image-297\" src=\"http:\/\/livresplies.fr\/wp-content\/uploads\/tutoriel6-225x300.jpg\" alt=\"tutoriel6\" width=\"225\" height=\"300\" srcset=\"https:\/\/livresplies.fr\/wp-content\/uploads\/tutoriel6-225x300.jpg 225w, https:\/\/livresplies.fr\/wp-content\/uploads\/tutoriel6-112x150.jpg 112w, https:\/\/livresplies.fr\/wp-content\/uploads\/tutoriel6.jpg 319w\" sizes=\"auto, (max-width: 225px) 100vw, 225px\" \/><\/a><\/p>\n<p>&nbsp;<\/p>\n","protected":false},"excerpt":{"rendered":"<p>\u00a0 \u00a0 \u00a0 \u00a0 \u00a0 \u00a0 \u00a0 \u00a0 \u00a0 \u00a0 \u00a0 \u00a0 \u00a0 \u00a0 \u00a0 \u00a0 \u00a0 \u00a0 \u00a0 \u00a0 \u00a0 \u00a0 Cliquez sur l&rsquo;ardoise de votre choix. Comment r\u00e9aliser un pliage ? En plus des diff\u00e9rents tutoriels ci-dessous (vid\u00e9o, photos&#8230;) lisez \u00e9galement la page \u00ab\u00a0papotages\u00a0\u00bb o\u00f9 vous trouverez des astuces sur le pliage. \u00a0Ici &hellip; <a href=\"https:\/\/livresplies.fr\/?page_id=2496\" class=\"more-link\">Continuer la lecture de <span class=\"screen-reader-text\">P L I A G E<\/span>  <span class=\"meta-nav\">&rarr;<\/span><\/a><\/p>\n","protected":false},"author":1,"featured_media":0,"parent":0,"menu_order":0,"comment_status":"closed","ping_status":"closed","template":"","meta":{"footnotes":""},"class_list":["post-2496","page","type-page","status-publish","hentry"],"_links":{"self":[{"href":"https:\/\/livresplies.fr\/index.php?rest_route=\/wp\/v2\/pages\/2496","targetHints":{"allow":["GET"]}}],"collection":[{"href":"https:\/\/livresplies.fr\/index.php?rest_route=\/wp\/v2\/pages"}],"about":[{"href":"https:\/\/livresplies.fr\/index.php?rest_route=\/wp\/v2\/types\/page"}],"author":[{"embeddable":true,"href":"https:\/\/livresplies.fr\/index.php?rest_route=\/wp\/v2\/users\/1"}],"replies":[{"embeddable":true,"href":"https:\/\/livresplies.fr\/index.php?rest_route=%2Fwp%2Fv2%2Fcomments&post=2496"}],"version-history":[{"count":16,"href":"https:\/\/livresplies.fr\/index.php?rest_route=\/wp\/v2\/pages\/2496\/revisions"}],"predecessor-version":[{"id":7563,"href":"https:\/\/livresplies.fr\/index.php?rest_route=\/wp\/v2\/pages\/2496\/revisions\/7563"}],"wp:attachment":[{"href":"https:\/\/livresplies.fr\/index.php?rest_route=%2Fwp%2Fv2%2Fmedia&parent=2496"}],"curies":[{"name":"wp","href":"https:\/\/api.w.org\/{rel}","templated":true}]}}